{"id":24947,"date":"2023-06-05T09:41:54","date_gmt":"2023-06-05T08:41:54","guid":{"rendered":"http:\/\/archivoorotava.es\/blog\/?page_id=24947"},"modified":"2026-04-15T12:33:21","modified_gmt":"2026-04-15T11:33:21","slug":"donacion-de-documentos","status":"publish","type":"page","link":"https:\/\/archivoorotava.es\/blog\/donacion-de-documentos\/","title":{"rendered":"Donaci\u00f3n de documentos"},"content":{"rendered":"<div id=\"cs-content\" class=\"cs-content\"><div id=\"x-section-1\" class=\"x-section\" style=\"margin: 0px;padding: 0px; background-color: transparent;\" ><div id=\"\" class=\"x-container\" style=\"margin: 0px auto;padding: 0px;\" ><div  class=\"x-column x-sm x-1-1\" style=\"padding: 0px;\" ><ul  class=\"x-nav x-nav-tabs two-up top\"  data-x-element=\"tab_nav\" data-x-params=\"{&quot;orientation&quot;:&quot;horizontal&quot;}\" role=\"tablist\"><li  class=\"x-nav-tabs-item active\"  role=\"presentation\"><a id=\"x-legacy-tab-1\" aria-selected=\"true\" aria-controls=\"x-legacy-panel-1\" role=\"tab\" data-x-toggle=\"tab\" data-x-toggleable=\"x-legacy-tab-1\" data-x-toggle-group=\"69e3725bf1959\">INFORMACI\u00d3N<\/a><\/li><li  class=\"x-nav-tabs-item\"  role=\"presentation\"><a id=\"x-legacy-tab-2\" aria-selected=\"false\" aria-controls=\"x-legacy-panel-2\" role=\"tab\" data-x-toggle=\"tab\" data-x-toggleable=\"x-legacy-tab-2\" data-x-toggle-group=\"69e3725bf1959\">INSTANCIA<\/a><\/li><\/ul><div  class=\"x-tab-content\" ><div id=\"x-legacy-panel-1\" class=\"x-tab-pane active\"  aria-hidden=\"false\" aria-labelledby=\"x-legacy-tab-1\" role=\"tabpanel\" data-x-toggleable=\"x-legacy-tab-1\">\n<h5 style=\"text-align: justify;\">Solicitud de Donaci\u00f3n de Documentos al Archivo<\/h5>\n<p style=\"text-align: justify; text-indent: 30px;\">Este tr\u00e1mite permite la donaci\u00f3n de documentaci\u00f3n y objetos afines relacionados con la Historia de La Orotava. El Archivo es el servicio encargado de la gesti\u00f3n y tratamiento de la documentaci\u00f3n, su custodia y divulgaci\u00f3n, haci\u00e9ndola accesible tanto a los servicios propios de la entidad, as\u00ed como a los ciudadanos.<\/p>\n<h6 style=\"text-align: justify;\">\u00bfPara qu\u00e9 sirve?<\/h6>\n<p style=\"text-align: justify;\"><i  class=\"x-icon x-icon-angle-right\" data-x-icon-s=\"&#xf105;\" aria-hidden=\"true\"><\/i> <strong>Unidad administrativa:<\/strong> Archivo Municipal<br \/>\n<i  class=\"x-icon x-icon-angle-right\" data-x-icon-s=\"&#xf105;\" aria-hidden=\"true\"><\/i> <strong>Dirigido a:<\/strong> Personas F\u00edsicas [ <i  class=\"x-icon x-icon-check\" data-x-icon-s=\"&#xf00c;\" aria-hidden=\"true\"><\/i> ] Personas Jur\u00eddicas [ <i  class=\"x-icon x-icon-check\" data-x-icon-s=\"&#xf00c;\" aria-hidden=\"true\"><\/i> ]\u00a0<br \/>\n<i  class=\"x-icon x-icon-angle-right\" data-x-icon-s=\"&#xf105;\" aria-hidden=\"true\"><\/i> <strong>Finalidad:<\/strong> Poder donar documentaci\u00f3n y objetos al Archivo Municipal<\/p>\n<h6 style=\"text-align: justify;\">\u00bfC\u00f3mo se inicia?<\/h6>\n<p style=\"text-align: justify;\"><i  class=\"x-icon x-icon-angle-right\" data-x-icon-s=\"&#xf105;\" aria-hidden=\"true\"><\/i> <strong>Forma de iniciaci\u00f3n:<\/strong> De oficio [ ] A instancia de parte [ <i  class=\"x-icon x-icon-check\" data-x-icon-s=\"&#xf00c;\" aria-hidden=\"true\"><\/i> ]\u00a0<br \/>\n<i  class=\"x-icon x-icon-angle-right\" data-x-icon-s=\"&#xf105;\" aria-hidden=\"true\"><\/i> <strong>Plazo de presentaci\u00f3n:<\/strong> En cualquier momento.<br \/>\n<i  class=\"x-icon x-icon-angle-right\" data-x-icon-s=\"&#xf105;\" aria-hidden=\"true\"><\/i> <strong>Lugar de presentaci\u00f3n:<\/strong> En el Registro General del Ayuntamiento, por correo certificado o a trav\u00e9s de la Sede Electr\u00f3nica con DNI electr\u00f3nico, certificado digital o Cl@ve (as\u00ed como a trav\u00e9s de cualquiera de los medios recogidos por la Ley 39\/2015, de 1 de octubre, del Procedimiento Administrativo Com\u00fan de las Administraciones P\u00fablicas).<\/p>\n<h6 style=\"text-align: justify;\">\u00bfQu\u00e9 documentaci\u00f3n es necesaria para iniciarlo?<\/h6>\n<p style=\"text-align: justify;\"><strong>Datos de Identificaci\u00f3n<\/strong><br \/>\n<i  class=\"x-icon x-icon-angle-right\" data-x-icon-s=\"&#xf105;\" aria-hidden=\"true\"><\/i> <strong>Normativa reguladora aplicable:<\/strong><br \/>\n<i  class=\"x-icon x-icon-circle\" style=\"text-align: center;      font-size:10px\" data-x-icon-s=\"&#xf111;\" aria-hidden=\"true\"><\/i> Ley 39\/2015, de 1 de octubre, del Procedimiento Administrativo Com\u00fan de las Administraciones P\u00fablicas. Art. 13.d, Art. 66<br \/>\n<i  class=\"x-icon x-icon-circle\" style=\"text-align: center;      font-size:10px\" data-x-icon-s=\"&#xf111;\" aria-hidden=\"true\"><\/i> https:\/\/www.boe.es\/legislacion\/<br \/>\n<i  class=\"x-icon x-icon-angle-right\" data-x-icon-s=\"&#xf105;\" aria-hidden=\"true\"><\/i> <strong>Requisito de Validez:<\/strong> Copia simple responsabiliz\u00e1ndose el interesado de su veracidad.<br \/>\nEsta administraci\u00f3n se reserva el derecho a poder requerirle posteriormente la exhibici\u00f3n del documento original<\/p>\n<h6 style=\"text-align: justify;\">TRIBUTOS O PRECIOS P\u00daBLICOS APLICABLES<\/h6>\n<p style=\"text-align: justify;\"><i  class=\"x-icon x-icon-angle-right\" data-x-icon-s=\"&#xf105;\" aria-hidden=\"true\"><\/i> Gratis<\/p>\n<h6 style=\"text-align: justify;\">TRAMITACI\u00d3N<\/h6>\n<ol>\n<li style=\"text-align: justify;\">Solicitud del interesado.<\/li>\n<li style=\"text-align: justify;\">Informe t\u00e9cnico del Archivo.<\/li>\n<li>Informe de la Jefatura de Servicio<\/li>\n<li style=\"text-align: justify;\">Resoluci\u00f3n del \u00f3rgano pol\u00edtico.<\/li>\n<li style=\"text-align: justify;\">Notificaci\u00f3n al interesado.<\/li>\n<\/ol>\n<h6 style=\"text-align: justify;\">NORMATIVA APLICABLE<\/h6>\n<div id=\"footable_parent_26024\"\n         class=\" footable_parent ninja_table_wrapper loading_ninja_table wp_table_data_press_parent semantic_ui colored_table\">\n                <table data-ninja_table_instance=\"ninja_table_instance_0\" data-footable_id=\"26024\" data-filter-delay=\"1000\" aria-label=\"Tabla legislaci\u00f3n consultas\"            id=\"footable_26024\"\n           data-unique_identifier=\"ninja_table_unique_id_2496396607_26024\"\n           class=\" foo-table ninja_footable foo_table_26024 ninja_table_unique_id_2496396607_26024 ui table  white ninja_search_right nt_type_legacy_table selectable striped vertical_centered inverted footable-paging-right ninja_table_pro\">\n                <colgroup>\n                            <col class=\"ninja_column_0 \">\n                            <col class=\"ninja_column_1 \">\n                            <col class=\"ninja_column_2 \">\n                            <col class=\"ninja_column_3 \">\n                    <\/colgroup>\n        <thead>\n<tr class=\"footable-header\">\n                                                                        <th scope=\"col\"  class=\"ninja_column_0 ninja_clmn_nm_rango \">Rango<\/th><th scope=\"col\"  class=\"ninja_column_1 ninja_clmn_nm_ttulo \">T\u00edtulo<\/th><th scope=\"col\"  class=\"ninja_column_2 ninja_clmn_nm_artculos \">Art\u00edculos<\/th><th scope=\"col\"  class=\"ninja_column_3 ninja_clmn_nm_enlaceanormalegal \">Enlace a norma legal<\/th><\/tr>\n<\/thead>\n<tbody>\n\n        <tr data-row_id=\"1\" class=\"ninja_table_row_0 nt_row_id_1\">\n            <td>NORMA CONSTITUCIONAL<\/td><td>La Constituci\u00f3n Espa\u00f1ola de 1978<\/td><td>Art. 105.b<\/td><td>https:\/\/www.boe.es\/legislacion\/<\/td>        <\/tr>\n            <tr data-row_id=\"2\" class=\"ninja_table_row_1 nt_row_id_2\">\n            <td>LEY ORG\u00c1NICA<\/td><td>Ley Org\u00e1nica 3\/2018, de 5 de diciembre, de Protecci\u00f3n de Datos Personales y garant\u00eda de los derechos digitales.<\/td><td>Norma completa<\/td><td>https:\/\/www.boe.es\/eli\/es\/lo\/2018\/12\/05\/3<\/td>        <\/tr>\n            <tr data-row_id=\"3\" class=\"ninja_table_row_2 nt_row_id_3\">\n            <td>LEY<\/td><td>Ley 11\/2019, de 25 de abril, de Patrimonio Cultural de Canarias.<\/td><td>Norma completa<\/td><td>https:\/\/www.boe.es\/eli\/es-cn\/l\/2019\/04\/25\/11<\/td>        <\/tr>\n            <tr data-row_id=\"4\" class=\"ninja_table_row_3 nt_row_id_4\">\n            <td>LEY<\/td><td>Ley 12\/1989, de 9 de mayo, de la Funci\u00f3n Estad\u00edstica P\u00fablica.<\/td><td>Norma completa<\/td><td>https:\/\/www.boe.es\/legislacion\/<\/td>        <\/tr>\n            <tr data-row_id=\"5\" class=\"ninja_table_row_4 nt_row_id_5\">\n            <td>LEY<\/td><td>Ley 16\/1985, de 25 de junio, del patrimonio hist\u00f3rico espa\u00f1ol.<\/td><td>Art. 57<\/td><td>https:\/\/www.boe.es\/legislacion\/<\/td>        <\/tr>\n            <tr data-row_id=\"6\" class=\"ninja_table_row_5 nt_row_id_6\">\n            <td>LEY<\/td><td>Ley 3\/1990, de 22 de febrero, de Patrimonio Documental y Archivos de Canarias.<\/td><td>Norma completa<\/td><td>https:\/\/www.boe.es\/eli\/es-cn\/l\/1990\/02\/22\/3<\/td>        <\/tr>\n            <tr data-row_id=\"7\" class=\"ninja_table_row_6 nt_row_id_7\">\n            <td>LEY<\/td><td>Ley 33\/2003, de 3 de noviembre, del Patrimonio de las Administraciones P\u00fablicas.<\/td><td>Norma completa<\/td><td>https:\/\/www.boe.es\/eli\/es\/l\/2003\/11\/03\/33<\/td>        <\/tr>\n            <tr data-row_id=\"8\" class=\"ninja_table_row_7 nt_row_id_8\">\n            <td>LEY<\/td><td>Ley 39\/2015, de 1 de octubre, del Procedimiento Administrativo Com\u00fan de las Administraciones P\u00fablicas.<\/td><td>Art. 13.d, Art. 66<\/td><td>https:\/\/www.boe.es\/legislacion\/<\/td>        <\/tr>\n            <tr data-row_id=\"9\" class=\"ninja_table_row_8 nt_row_id_9\">\n            <td>LEY<\/td><td>Ley 7\/1985, de 2 de abril, reguladora de las Bases del R\u00e9gimen Local.<\/td><td>Art. 16, Art. 70.3<\/td><td>https:\/\/www.boe.es\/legislacion\/<\/td>        <\/tr>\n            <tr data-row_id=\"10\" class=\"ninja_table_row_9 nt_row_id_10\">\n            <td>REAL DECRETO LEGISLATIVO<\/td><td>Real Decreto Legislativo 1\/1996, de 12 de abril, por el que se aprueba el texto refundido de la Ley de Propiedad Intelectual, regularizando, aclarando y armonizando las disposiciones legales vigentes sobre la materia.<\/td><td>Norma completa<\/td><td>https:\/\/www.boe.es\/eli\/es\/rdlg\/1996\/04\/12\/1<\/td>        <\/tr>\n            <tr data-row_id=\"11\" class=\"ninja_table_row_10 nt_row_id_11\">\n            <td>REAL DECRETO LEY<\/td><td>Real Decreto-ley 8\/1998, de 31 de julio, de medidas urgentes en materia de propiedad industrial.<\/td><td>Norma completa<\/td><td>https:\/\/www.boe.es\/eli\/es\/rdl\/1998\/07\/31\/8<\/td>        <\/tr>\n            <tr data-row_id=\"12\" class=\"ninja_table_row_11 nt_row_id_12\">\n            <td>REAL DECRETO<\/td><td>Real Decreto 2568\/1986, de 28 de noviembre, por el que se aprueba el Reglamento de Organizaci\u00f3n, Funcionamiento y R\u00e9gimen Jur\u00eddico de las Entidades Locales.<\/td><td>Art. 207, Art. 230<\/td><td>https:\/\/www.boe.es\/eli\/es\/rd\/1986\/11\/28\/2568<\/td>        <\/tr>\n            <tr data-row_id=\"13\" class=\"ninja_table_row_12 nt_row_id_13\">\n            <td>OTROS<\/td><td>Reglamento del Archivo Municipal de La Orotava<\/td><td>Norma completa<\/td><td><a href=\"https:\/\/www.laorotava.es\/sites\/default\/files\/documentos\/reglamento_archivo_municipal_de_la_orotava_bop_049_16_04_2003.pdf\">ENLACE<\/a><\/td>        <\/tr>\n    <\/tbody><!--ninja_tobody_rendering_done-->\n    <\/table>\n    \n    \n    \n<\/div>\n\n<\/div><div id=\"x-legacy-panel-2\" class=\"x-tab-pane\"  aria-hidden=\"true\" aria-labelledby=\"x-legacy-tab-2\" role=\"tabpanel\" data-x-toggleable=\"x-legacy-tab-2\">\n<h6 style=\"text-align: justify;\">\u00bfC\u00d3MO PUEDO RELLENAR Y PRESENTAR LA INSTANCIA?<\/h6>\n<p style=\"text-align: justify;\"><i  class=\"x-icon x-icon-circle\" style=\"text-align: center;      font-size:10px\" data-x-icon-s=\"&#xf111;\" aria-hidden=\"true\"><\/i> <strong>Sede Electr\u00f3nica del Ayuntamiento de La Orotava:<\/strong> Es la forma m\u00e1s sencilla ya que no tiene que desplazarse, pero para poder rellenarla debe tener dni electr\u00f3nico, certificado electr\u00f3nico o Cl@ve.<br \/>\n<a href=\"https:\/\/laorotava.sedelectronica.es\"><i  class=\"x-icon x-icon-download\" style=\"text-align: center;      font-size: 60px; color: orange;\" data-x-icon-s=\"&#xf019;\" aria-hidden=\"true\"><\/i><\/a><\/p>\n<p>Una vez en el sede electr\u00f3nica, debe ir al al bloque de Administraci\u00f3n General y ah\u00ed entrar en Archivo. Por \u00faltimo, de las 3 instancias que aparecen, elegir la de donaci\u00f3n.<\/p>\n<p style=\"text-align: justify;\"><i  class=\"x-icon x-icon-circle\" style=\"text-align: center;      font-size:10px\" data-x-icon-s=\"&#xf111;\" aria-hidden=\"true\"><\/i> <strong>Registro General del Ayuntamiento de La Orotava:<\/strong> Primero debe rellenar la instancia en el ordenador. Una vez rellena, debe imprimirla y acudir a presentarla al Registro General del Ayuntamiento de La Orotava (es posible que deba pedir cita antes).<br \/>\n<a href=\"https:\/\/www.laorotava.es\/sites\/default\/files\/documentos\/solicitud_de_donacion_de_documentos_al_archivo.pdf\"><i  class=\"x-icon x-icon-download\" style=\"text-align: center;      font-size: 60px; color: green;\" data-x-icon-s=\"&#xf019;\" aria-hidden=\"true\"><\/i><\/a><\/p>\n<\/div><\/div><\/div><\/div><\/div><\/div>\n","protected":false},"excerpt":{"rendered":"","protected":false},"author":7,"featured_media":0,"parent":0,"menu_order":0,"comment_status":"closed","ping_status":"closed","template":"","meta":{"footnotes":""},"class_list":["post-24947","page","type-page","status-publish","hentry","no-post-thumbnail"],"aioseo_notices":[],"_links":{"self":[{"href":"https:\/\/archivoorotava.es\/blog\/wp-json\/wp\/v2\/pages\/24947","targetHints":{"allow":["GET"]}}],"collection":[{"href":"https:\/\/archivoorotava.es\/blog\/wp-json\/wp\/v2\/pages"}],"about":[{"href":"https:\/\/archivoorotava.es\/blog\/wp-json\/wp\/v2\/types\/page"}],"author":[{"embeddable":true,"href":"https:\/\/archivoorotava.es\/blog\/wp-json\/wp\/v2\/users\/7"}],"replies":[{"embeddable":true,"href":"https:\/\/archivoorotava.es\/blog\/wp-json\/wp\/v2\/comments?post=24947"}],"version-history":[{"count":7,"href":"https:\/\/archivoorotava.es\/blog\/wp-json\/wp\/v2\/pages\/24947\/revisions"}],"predecessor-version":[{"id":27221,"href":"https:\/\/archivoorotava.es\/blog\/wp-json\/wp\/v2\/pages\/24947\/revisions\/27221"}],"wp:attachment":[{"href":"https:\/\/archivoorotava.es\/blog\/wp-json\/wp\/v2\/media?parent=24947"}],"curies":[{"name":"wp","href":"https:\/\/api.w.org\/{rel}","templated":true}]}}